 -2 - 1. List the prime factors of u(m).
17
Let x(i) = -i + 7. Let y(j) = 5*j + 1. Let b be y(-1). What are the prime factors of x(b)?
11
Let l(i) = -2*i + 1. Let f be l(-2). Let k = f - 1. Suppose -2*c = -j + 12, k*j + j - c - 69 = 0. What are the prime factors of j?
2, 7
Let l(t) = 15*t**2 - 2*t + 2. What are the prime factors of l(2)?
2, 29
What are the prime factors of 5/((-20)/14)*-6?
3, 7
Let c(k) = 4*k**3 + 7*k**2 - 3*k**3 + 3*k + 2*k + 10 - 4*k. Let x be c(-7). Suppose -4*f - 28 = -x*i, 2*f - 15 = -i + 1. List the prime factors of i.
2, 3
Suppose 0 = 2*l + 5*n - 322, -2*n + 6*n = 0. What are the prime factors of l?
7, 23
Let j(r) = -1 + 0 + 0. Let u(l) = 2*l - 7. Let p(v) = -4*j(v) + u(v). What are the prime factors of p(10)?
17
Let c = 22 + -28. List the prime factors of (-1)/(-2) - 207/c.
5, 7
Let b = 361 - 224. What are the prime factors of b?
137
Let t(c) = c**3 - c - 1. Let f be t(2). Suppose 0*h + f = h. Suppose 0 = 4*l - l - m - 30, h*l - m - 48 = 0. What are the prime factors of l?
3
Suppose 0*r = 4*r + 8. What are the prime factors of -17*(r + 3)*-1?
17
Let x be (2 + 12)*(-1 - 1). Suppose -s = -2*y + 21, -5*s = -2*y + 48 + 41. Let m = s - x. List the prime factors of m.
11
Suppose -3*x + 10 = 1. Suppose 0 = 5*r - 5*l - 15, -3*l - x = -0. Suppose -r*t + 52 = 2*t. What are the prime factors of t?
13
Suppose -90 = -4*t + t. List the prime factors of t.
2, 3, 5
Let c = 52 + -38. List the prime factors of c.
2, 7
Suppose 10*y - 5*y = 15. Suppose 0 = -3*o + 3*j - 18, -3*o + y - 15 = 3*j. List the prime factors of 8/(-8)*o*1.
5
Suppose 0*w - 2*w - 4 = z, 0 = -4*z + 2*w + 34. Let s = z + 2. List the prime factors of s.
2
Let w = 54 + -30. List the prime factors of w.
2, 3
List the prime factors of (-324)/(-5) - 7/(-35).
5, 13
Let q be 8/(-20) + (-308)/5. What are the prime factors of (-1)/2 + q/(-4)?
3, 5
Let r be 6/(-10) - (-26)/10. Let s = r + 6. List the prime factors of s.
2
Suppose 627 = 3*h + 4*z, 3*h + 3*z = -0*z + 624. What are the prime factors of h?
5, 41
Let j(n) = -2*n**2 - 32*n - 14. What are the prime factors of j(-14)?
2, 3, 7
Let y(o) be the second derivative of o**5/20 - o**4/12 + o**3/6 - o**2 - 4*o. List the prime factors of y(2).
2
Let x(s) = s**2 - 2*s**2 + s + s**3 - 2*s**3 - 2*s. List the prime factors of x(-2).
2, 3
Let u(v) = 5*v - 15. Let s = -19 + 26. List the prime factors of u(s).
2, 5
Let m(z) = 2*z - 3. Let p be m(-4). Let c = p + 6. List the prime factors of (-8)/(-20) - 53/c.
11
Suppose -154 - 86 = -2*u. Let n = u - 81. List the prime factors of n.
3, 13
List the prime factors of ((-1)/(3 + 0))/(14/(-3654)).
3, 29
Suppose -42 = -5*j + 3. Suppose -4*g - j = 3, -3*d = -g. What are the prime factors of 2/((-11)/13 - d)?
13
Suppose -5*r + r = 24. What are the prime factors of (-12)/2*r/4?
3
Let a(y) = -y**2 + 3*y - 6. Let l be a(5). List the prime factors of 1/(1 + l/18).
3
Let k be (0 - -63) + (-6)/(-2). Suppose 0 = -w - 0*w + k. Let b = w - 47. What are the prime factors of b?
19
Let m = 17 - -72. Suppose 3*q - 81 = -2*r, 4*q - m = -3*r + 6*q. Suppose -22 = -f + 4*g, 0*g = -3*f + g + r. List the prime factors of f.
2, 5
Let z = 7 - 5. Suppose u - z = -0*u. What are the prime factors of u?
2
Let d(s) = -s**2 + s - 2. Let m be d(4). Suppose -u = 35 - 25. Let a = u - m. What are the prime factors of a?
2
Let b(o) = 3*o - 7. Let v(n) = -n**2 + 3*n - 2. Let j be v(2). Suppose 0 = -5*z - 3*c + 16, -1 = -2*z - 3*c - j. What are the prime factors of b(z)?
2
Suppose -4 = 2*k - 3*k - 3*m, -3*m + 20 = 5*k. Let r = 8 - k. What are the prime factors of r?
2
Suppose -i + 56 + 118 = 0. What are the prime factors of i?
2, 3, 29
Let w be -3*(2 + 20/(-6)). Suppose f + 3*u + w = 18, 3*u + 66 = 3*f. What are the prime factors of f?
2, 5
Let u = 5 - 4. Let f be 2 - -1*(u + 2). Suppose -2*o + 5*y = -4, 0 = 2*y - f - 3. What are the prime factors of o?
2, 3
Let q(v) = 3*v**3 - 2*v + 1. Let u be q(1). Let g = 0 + u. What are the prime factors of (g*-1 + 1)*-2?
2
Let p be 2/(-1) + (6 - 1). Suppose 4*t - 2*a = -p*a + 201, 4*t = a + 207. List the prime factors of t.
3, 17
Let x(i) = -i**3 - 4*i**2 + 5*i + 2. Let p be x(-5). Suppose -5*n = g - 137, -3*g + 2*g + 53 = p*n. What are the prime factors of n?
2, 7
Suppose 2*l - 25 = -3*l. Let o be (8/(-10))/((-2)/l). What are the prime factors of -2 + 2 + o + 0?
2
List the prime factors of (-3288)/(-18) + 6/(-9).
2, 7, 13
Let p(m) = m. Suppose 4*i = -2*n + 16, -4*n + 7*n = -3*i + 15. Let g be p(i). Suppose 0 = 2*j + g*j - 35. What are the prime factors of j?
7
Let g be 8/(-12) - (-2)/(-6). List the prime factors of (g - 1) + 8 + 0.
2, 3
Let x = -12 + 12. Suppose -4*o = -16, x = 3*j + 4*o - 18 - 64. What are the prime factors of j?
2, 11
Suppose 0 = 4*o + 3*w + 9 - 29, -5*o - 4*w + 26 = 0. Suppose d = -m, 2*m + 2*d = -d. Let u = m + o. What are the prime factors of u?
2
Let y be -11 + 3 + 0 + 2. What are the prime factors of (-40)/6*y/4?
2, 5
Let l(z) = -z**3 - 9*z**2 - 13*z - 10. What are the prime factors of l(-8)?
2, 3, 5
Let b = 10 + -3. What are the prime factors of b/(-2)*10/(-5)?
7
Let v(t) = t**2 + 6*t + 7. Let p be v(-5). Suppose -4*a - 22 = -p, 3*a + 5 = -f. What are the prime factors of f?
2, 5
Let j be 2/1 - (-4 - -33). Let u = -19 - j. List the prime factors of u.
2
Let l be ((-4)/(-6))/(3/9). Suppose -5*t + 142 = 5*u + l, u - t - 18 = 0. What are the prime factors of u?
23
Let h(r) = 2*r - 3. Let g be h(3). Suppose 27 = -g*b - 9. What are the prime factors of ((-8)/3)/(2/b)?
2
What are the prime factors of (0 + 20)*6/15?
2
Let g be ((-27)/(-6))/((-2)/(-16)). Suppose k - g = -3*k. List the prime factors of k.
3
What are the prime factors of (16/1)/((-13)/(-6) - 2)?
2, 3
Let t(p) = -16*p + 2. List the prime factors of t(-5).
2, 41
Let d(f) be the first derivative of f**3/3 + 5*f**2/2 + f - 3. Let g be d(-5). List the prime factors of 12 + (g - 4) + 2.
11
Suppose 0 = 4*o + 4*d - 76, 3*o + 2*o = -d + 103. Let z = -18 + 9. Let a = z + o. List the prime factors of a.
2, 3
Let x(u) = u**3 + 11*u**2 + 9*u - 10. Let w be x(-10). List the prime factors of -20*(w + -5 - -3).
2, 5
Suppose 0 = 5*j - 2*c - c - 190, -5*c + 230 = 5*j. List the prime factors of j.
41
Let m be (-8)/(-20) - 36/(-10). Suppose p + 9 = m*p. What are the prime factors of p*2*25/15?
2, 5
Let r(m) = -4*m**3 + 2*m**2 + 3*m + 3. Let t be r(3). Let f = 115 + t. List the prime factors of f.
37
Let q be -2 + (-42)/(-5 - -2). Suppose 4*n - q = -0*n. List the prime factors of n.
3
Let r(d) = -d**3 + 10*d**2 - 11*d + 3. Let k be r(9). Let w be 11/2 - k/10. Let p = -4 + w. What are the prime factors of p?
3
Let z = -27 - -54. What are the prime factors of z?
3
Suppose 0 = 2*p - 3*p + 21. List the prime factors of p.
3, 7
Suppose -16 = 4*a, y - 4*a - 25 - 5 = 0. What are the prime factors of y?
2, 7
Suppose -2*u = 6 - 10. Let v(h) = -4*h**2 + 0*h + 3*h**3 + 0*h**2 + h + 2. List the prime factors of v(u).
2, 3
Let p = -20 + 24. List the prime factors of (210/(-25))/(p/(-10)).
3, 7
What are the prime factors of (552/18)/((-10)/(-15))?
2, 23
Let y = 245 - 169. What are the prime factors of y?
2, 19
Let b = -547 + 883. List the prime factors of b.
2, 3, 7
Let c(f) = -f**2 - 9*f + 3. Suppose -28 = 4*r + 4. Let p = r - 0. List the prime factors of c(p).
11
Let g(c) = -5*c**3 + c**2 + 2*c + 1. Let x be g(-1). Suppose -x*d = -l - 245 + 20, 3*d - 143 = -l. What are the prime factors of d?
2, 23
Let a(i) = -i**3 + 5*i**2 + 2*i - 6. Let n = 1 - -3. List the prime factors of a(n).
2, 3
Let g = 95 - 30. What are the prime factors of g?
5, 13
Let x be 2*3/6*5. Suppose 3*o - x = 67. Suppose d = -d + o. List the prime factors of d.
2, 3
Suppose -82 = -4*i + 54. What are the prime factors of i?
2, 17
Suppose 4*h = 3*r - r - 22, -3*h - 12 = 0. List the prime factors of 92/8 - r/(-6).
2, 3
Let h(x) = -22*x**3 + x. Let z = 0 + -1. Let s be h(z). Suppose 7 = -o + s. List the prime factors of o.
2, 7
Let b(a) = -a + 19 + 0*a + 5*a - 3*a. List the prime factors of b(-8).
11
Let o be ((-8)/16)/(2/(-36)). Suppose -3*h - 7 = -5*d, 2*h + o - 1 = 5*d. List the prime factors of d.
2
Suppose 0*j - 4*h - 28 = -4*j, 5*j = 4*h + 30. Suppose m = -n - 5, -7*n - m - 29 = -j*n. Let u = n + 17. What are the prime factors of u?
11
List the prime factors of (-